4000 and 1760.
160
Calculate the greatest common divisor of 3896 and 16.
8
Calculate the highest common divisor of 27 and 153.
9
Calculate the highest common divisor of 560 and 1270.
10
What is the highest common factor of 8 and 1?
1
Calculate the greatest common divisor of 52 and 1612.
52
What is the greatest common divisor of 135 and 180?
45
Calculate the highest common factor of 25 and 135.
5
What is the greatest common divisor of 54 and 2214?
54
What is the greatest common factor of 200 and 36?
4
What is the highest common divisor of 5561 and 415?
83
Calculate the greatest common divisor of 4 and 2.
2
What is the greatest common factor of 1056 and 605?
11
Calculate the highest common divisor of 78 and 5304.
78
What is the highest common divisor of 6 and 111?
3
Calculate the highest common factor of 420 and 150.
30
Calculate the highest common divisor of 35 and 10255.
35
What is the greatest common factor of 46 and 8?
2
What is the highest common factor of 671 and 61?
61
What is the greatest common divisor of 5371 and 262?
131
What is the greatest common factor of 18 and 1278?
18
What is the greatest common divisor of 9889 and 29?
29
What is the highest common factor of 575 and 2070?
115
What is the greatest common factor of 240 and 15?
15
Calculate the highest common divisor of 26 and 65.
13
What is the greatest common factor of 6 and 2802?
6
What is the highest common factor of 483 and 1173?
69
Calculate the greatest common factor of 10 and 45.
5
Calculate the highest common divisor of 70 and 224.
14
What is the highest common factor of 721 and 14?
7
Calculate the highest common factor of 10 and 1510.
10
Calculate the greatest common divisor of 3 and 12.
3
Calculate the highest common factor of 176 and 913.
11
What is the highest common factor of 960 and 1344?
192
What is the greatest common factor of 2409 and 33?
33
What is the greatest common factor of 110 and 7645?
55
Calculate the highest common divisor of 31 and 10881.
31
Calculate the greatest common divisor of 11134 and 19.
19
What is the greatest common factor of 3 and 37857?
3
What is the greatest common factor of 7488 and 180?
36
What is the highest common divisor of 670 and 10?
10
What is the greatest common factor of 406 and 322?
14
What is the highest common factor of 286 and 32318?
286
What is the highest common factor of 1 and 1579?
1
Calculate the greatest common factor of 12 and 21.
3
What is the greatest common factor of 10 and 1635?
5
What is the highest common factor of 27 and 2061?
9
Calculate the highest common factor of 14188 and 4.
4
What is the greatest common factor of 2106 and 39?
39
What is the greatest common factor of 15 and 120?
15
What is the highest common divisor of 89 and 2581?
89
Calculate the highest common divisor of 153 and 8262.
153
What is the greatest common factor of 240 and 825?
15
What is the highest common divisor of 54 and 1161?
27
What is the greatest common factor of 4150 and 664?
166
What is the greatest common divisor of 10020 and 40?
20
What is the greatest common factor of 2867 and 188?
47
What is the greatest common factor of 8 and 106?
2
Calculate the greatest common factor of 37 and 3700.
37
What is the highest common divisor of 47 and 752?
47
What is the highest common factor of 7152 and 240?
48
What is the greatest common divisor of 42 and 1526?
14
Calculate the greatest common factor of 427 and 61.
61
What is the greatest common factor of 30 and 135?
15
Calculate the highest common divisor of 54 and 234.
18
What is the highest common divisor of 2603 and 247?
19
Calculate the highest common factor of 2 and 1024.
2
What is the greatest common factor of 51 and 22491?
51
What is the greatest common factor of 2491 and 371?
53
Calculate the highest common divisor of 64 and 2096.
16
What is the highest common divisor of 53132 and 37?
37
Calculate the highest common factor of 638 and 682.
22
What is the highest common factor of 3 and 70?
1
Calculate the highest common divisor of 36 and 2268.
36
Calculate the highest common factor of 90 and 72.
18
Calculate the highest common factor of 128 and 9344.
128
What is the highest common factor of 1188 and 52?
4
Calculate the highest common divisor of 39 and 9.
3
What is the greatest common factor of 68 and 7021?
17
What is the greatest common factor of 1080 and 18?
18
Calculate the greatest common divisor of 12843 and 3.
3
What is the highest common factor of 3382 and 356?
178
What is the highest common factor of 28672 and 56?
56
What is the highest common divisor of 104 and 48?
8
What is the greatest common factor of 119 and 21?
7
Calculate the highest common divisor of 117 and 195.
39
What is the greatest common factor of 56 and 12068?
28
Calculate the highest common factor of 1020 and 4250.
170
Calculate the highest common divisor of 43 and 3827.
43
Calculate the highest common divisor of 17324 and 1098.
122
What is the greatest common factor of 41 and 1271?
41
What is the highest common divisor of 2 and 35?
1
Calculate the highest common divisor of 45 and 72.
9
Calculate the highest common divisor of 1025 and 200.
25
Calculate the highest common factor of 42 and 861.
21
Calculate the highest common divisor of 23698 and 82.
82
Calculate the greatest common factor of 156 and 24.
12
What is the highest common divisor of 329 and 752?
47
What is the greatest common divisor of 261 and 116?
29
Calculate the greatest common divisor of 784 and 88.
8
What is the highest common factor of 143 and 44?
11
Calculate the highest common factor of 24270 and 15.
15
Calculate the greatest common divisor of 12750 and 15.
15
What is the highest common divisor of 18 and 15?
3
Calculate the greatest common factor of 74 and 1.
1
What is the greatest common divisor of 2453 and 11?
11
What is the greatest common divisor of 126 and 1750?
14
Calculate the highest common divisor of 40 and 3790.
10
What is the highest common factor of 1339 and 412?
103
What is the highest common divisor of 94 and 146?
2
Calculate the highest common factor of 19 and 323.
19
Calculate the highest common factor of 57 and 817.
19
What is the highest common divisor of 1776 and 259?
37
What is the greatest common factor of 1332 and 14319?
333
Calculate the greatest common divisor of 1325 and 575.
25
What is the greatest common divisor of 156 and 741?
39
What is the greatest common factor of 63 and 72?
9
What is the greatest common factor of 7 and 7?
7
Calculate the greatest common divisor of 2773 and 94.
47
What is the highest common factor of 2 and 776?
2
Calculate the greatest common factor of 290 and 5365.
145
Calculate the greatest common factor of 880 and 165.
55
What is the highest common factor of 5 and 160?
5
Calculate the highest common factor of 785 and 157.
157
Calculate the greatest common divisor of 351 and 13.
13
Calculate the highest common factor of 64 and 1256.
8
Calculate the greatest common divisor of 49 and 1.
1
What is the highest common divisor of 55 and 1408?
11
Calculate the greatest common divisor of 3069 and 62.
31
What is the greatest common divisor of 510 and 570?
30
What is the highest common factor of 356 and 4?
4
What is the highest common divisor of 144 and 384?
48
Calculate the greatest common divisor of 2212 and 2686.
158
What is the greatest common divisor of 6315 and 30?
15
What is the highest common divisor of 1080 and 1020?
60
Calculate the greatest common divisor of 727 and 1.
1
What is the greatest common divisor of 2350 and 188?
94
Calculate the highest common divisor of 128 and 24.
8
What is the highest common factor of 650 and 15?
5
Calculate the highest common divisor of 224 and 7.
7
Calculate the greatest common divisor of 210 and 20.
10
What is the greatest common divisor of 185 and 3256?
37
What is the highest common divisor of 12 and 576?
12
What is the greatest common factor of 195 and 15?
15
Calculate the highest common factor of 455 and 189.
7
Calculate the highest common divisor of 108 and 144.
36
What is the highest common factor of 57 and 15?
3
Calculate the greatest common divisor of 171 and 27.
9
Calculate the highest common factor of 33 and 231.
33
Calculate the highest common factor of 290 and 60.
10
What is the greatest common divisor of 231 and 99?
33
What is the greatest common fa